{"version":"1.0","provider_name":"A Tak\u00e1cs csal\u00e1d napjai","provider_url":"https:\/\/takacs.cafeblog.hu","author_name":"holyka78","author_url":"https:\/\/takacs.cafeblog.hu\/author\/holyka78-2-2\/","title":"Cukkini vacsi","html":"<P align=justify><SPAN style=\"COLOR: #b30033\">&nbsp;M\u00e1r vagy egy hete ker\u00fclgettem a h\u0171t\u0151ben 2 sz\u00e9p z\u00f6ld cukkinit. Nem az a kis sal\u00e1t\u00e1nak val\u00f3, hanem a nagyobbacska fajt\u00e1b\u00f3l. Mivel most van ny\u00e1r, sok a friss z\u00f6lds\u00e9g, gy\u00fcm\u00f6lcs, megfogadtam, hogy sokat fogunk fogyasztani bel\u0151le, hisz finom, eg\u00e9szs\u00e9ges. <\/SPAN><\/P>\r\n<P align=justify><SPAN style=\"COLOR: #b30033\">Sz\u00f3val, ott voltak a cukkinik, vacsira k\u00e9ne valami, h\u00e1t a cukkinis omlett \u00fct\u00f6tt sz\u00f6get a fejembe, \u00edgy felcsattantam a netre \u00e9s p\u00e1r recept \u00e1ttanulm\u00e1nyoz\u00e1sa ut\u00e1n megalkottam a saj\u00e1tomat, ami igen nagy siker volt bab\u00e1n\u00e1l \u00e9s ap\u00e1n\u00e1l egyar\u00e1nt.\u00cdme, a recept.<\/SPAN><\/P>\r\n<P align=center><U><SPAN style=\"COLOR: #b30033\"><\/SPAN><SPAN style=\"COLOR: #b30033\"><\/SPAN><SPAN style=\"COLOR: #b30033; FONT-SIZE: 18px\">Cukkinis omlett<\/SPAN><\/U><\/P>\r\n<P align=justify><U><EM><SPAN style=\"COLOR: #b30033\">Hozz\u00e1val\u00f3k:<\/SPAN><\/EM><\/U><\/P>\r\n<P align=justify><SPAN style=\"COLOR: #b30033\">1 nagyobb cukkini<\/SPAN><\/P>\r\n<P align=justify><SPAN style=\"COLOR: #b30033\">1 p\u00e1r virsli<\/SPAN><\/P>\r\n<P align=justify><SPAN style=\"COLOR: #b30033\">7 toj\u00e1s<\/SPAN><\/P>\r\n<P align=justify><SPAN style=\"COLOR: #b30033\">5-6 ek. tej<\/SPAN><\/P>\r\n<P align=justify><SPAN style=\"COLOR: #b30033\">2-3 sz\u00e1l petrezselyemz\u00f6ld<\/SPAN><\/P>\r\n<P align=justify><SPAN style=\"COLOR: #b30033\">1 gerezd fokhagyma<\/SPAN><\/P>\r\n<P align=justify><SPAN style=\"COLOR: #b30033\">5 dkg reszelt sajt<\/SPAN><\/P>\r\n<P align=justify><SPAN style=\"COLOR: #b30033\">s\u00f3<\/SPAN><\/P>\r\n<P align=justify><SPAN style=\"COLOR: #b30033\">olaj a s\u00fct\u00e9shez<\/SPAN><\/P>\r\n<P align=justify><SPAN style=\"COLOR: #b30033\">A cukkinit karik\u00e1ra v\u00e1gom, egy nagyobb serpeny\u0151be teszem, s\u00f3zom \u00e9s kev\u00e9s olajon megs\u00fct\u00f6m. A virslit szint\u00e9n felkarik\u00e1zom \u00e9s a megs\u00fclt cukkinihez adom az apr\u00f3ra v\u00e1gott vagy z\u00fazott fokhagymagerezddel egy\u00fctt. <\/SPAN><\/P>\r\n<P align=justify><SPAN style=\"COLOR: #b30033\">A toj\u00e1sokat felverem, enyh\u00e9n s\u00f3zom, hozz\u00e1adom a tejet, \u00e9s \u00f6sszekeverem. Az elk\u00e9sz\u00fclt cukkinis-virslis ragura \u00f6nt\u00f6m, belesz\u00f3rom a sajtot,&nbsp; \u00e9s az apr\u00f3ra v\u00e1gott petrezsemz\u00f6ldet \u00e9s k\u00e9szre s\u00fct\u00f6m.<\/SPAN><\/P>\r\n<P align=justify><SPAN style=\"COLOR: #b30033\">Friss paradicsommal, paprik\u00e1val t\u00e1lalom.<\/SPAN><\/P>\r\n<P align=justify><SPAN style=\"COLOR: #b30033\">&nbsp;<\/SPAN><\/P>","type":"rich"}

A Takács család napjai

<P align=justify><SPAN style="COLOR: #b30033">&nbsp;Már vagy egy hete kerülgettem a hűtőben 2 szép zöld cukkinit. Nem az a kis salátának való, hanem a nagyobbacska fajtából. Mivel most van nyár, sok a friss zöldség, gyümölcs, megfogadtam, hogy sokat fogunk fogyasztani belőle, hisz finom, egészséges. </SPAN></P>
<P align=justify><SPAN style="COLOR: #b30033">Szóval, ott voltak a cukkinik, vacsira kéne valami, hát a cukkinis omlett ütött szöget a fejembe, így felcsattantam a netre és pár recept áttanulmányozása után megalkottam a sajátomat, ami igen nagy siker volt babánál és apánál egyaránt.Íme, a recept.</SPAN></P>
<P align=center><U><SPAN style="COLOR: #b30033"></SPAN><SPAN style="COLOR: #b30033"></SPAN><SPAN style="COLOR: #b30033; FONT-SIZE: 18px">Cukkinis omlett</SPAN></U></P>
<P align=justify><U><EM><SPAN style="COLOR: #b30033">Hozzávalók:</SPAN></EM></U></P>
<P align=justify><SPAN style="COLOR: #b30033">1 nagyobb cukkini</SPAN></P>
<P align=justify><SPAN style="COLOR: #b30033">1 pár virsli</SPAN></P>
<P align=justify><SPAN style="COLOR: #b30033">7 tojás</SPAN></P>
<P align=justify><SPAN style="COLOR: #b30033">5-6 ek. tej</SPAN></P>
<P align=justify><SPAN style="COLOR: #b30033">2-3 szál petrezselyemzöld</SPAN></P>
<P align=justify><SPAN style="COLOR: #b30033">1 gerezd fokhagyma</SPAN></P>
<P align=justify><SPAN style="COLOR: #b30033">5 dkg reszelt sajt</SPAN></P>
<P align=justify><SPAN style="COLOR: #b30033">só</SPAN></P>
<P align=justify><SPAN style="COLOR: #b30033">olaj a sütéshez</SPAN></P>
<P align=justify><SPAN style="COLOR: #b30033">A cukkinit karikára vágom, egy nagyobb serpenyőbe teszem, sózom és kevés olajon megsütöm. A virslit szintén felkarikázom és a megsült cukkinihez adom az apróra vágott vagy zúzott fokhagymagerezddel együtt. </SPAN></P>
<P align=justify><SPAN style="COLOR: #b30033">A tojásokat felverem, enyhén sózom, hozzáadom a tejet, és összekeverem. Az elkészült cukkinis-virslis ragura öntöm, beleszórom a sajtot,&nbsp; és az apróra vágott petrezsemzöldet és készre sütöm.</SPAN></P>
<P align=justify><SPAN style="COLOR: #b30033">Friss paradicsommal, paprikával tálalom.</SPAN></P>
<P align=justify><SPAN style="COLOR: #b30033">&nbsp;</SPAN></P>
